. Let l be a(1). What is the remainder when (-2)/(-5) - (568/l + 1) is divided by 23?
21
Let a = -1921 + 1979. Let l = 31 - 16. Calculate the remainder when a is divided by l.
13
Suppose 3*u + 13 = 28. Let n = 8 - u. Let y(v) = -v**3 + 5*v**2 - 3*v. What is the remainder when y(n) is divided by 4?
1
Let u be 1*(4 + 3/3). Suppose -5*m + u*z + 45 = 0, 2*m + z + z = 6. Calculate the remainder when 2 + 4 + (4 + 0 - -1) is divided by m.
5
Suppose -2149 = -3*w - 538. Suppose -5*j = -48 - w. Calculate the remainder when j is divided by 10.
7
Let k(h) be the first derivative of h**3 + 3*h**2 - 12*h + 12. Let w be ((-10)/8)/((-1)/4). Calculate the remainder when k(w) is divided by 24.
21
Suppose -3*l + 5*o = -1087, 4*o + 361 = l + 3*o. Calculate the remainder when l is divided by 19.
17
Suppose -3*l - l = 0. Suppose 2*g + 0*g - o - 45 = l, 0 = -5*g - 5*o + 120. Calculate the remainder when 43 is divided by g.
20
Let p = -212 - -318. What is the remainder when p is divided by 3/(-1) + 42 + (-132)/11?
25
Let n(y) = -y**3 - 3*y**2 + 2. Let k be n(-3). Suppose 2*o = 5*d + 33, -5*o - d + 69 = -0*o. Calculate the remainder when k + -1 - (-36 - 1) is divided by o.
10
Let j(r) = -r + 50. Let p be 14/(-3)*(-180)/40. Calculate the remainder when j(p) is divided by 10.
9
Let k(p) = p**2 + 8*p + 6. Suppose 3*h = -h - 48. What is the remainder when k(h) is divided by 14?
12
Let s(o) = 2*o**2 - 3*o + 3. Let g = 9 + -12. Let l be s(g). Let z = l + -19. Calculate the remainder when z is divided by 5.
1
Let b be (-1183)/(-26) + (-3)/2. Suppose -2*u = -5*d + 49 - 17, 3*d + 5*u - b = 0. What is the remainder when 13 is divided by d?
5
Let y(k) = -k**3 - 5*k**2 + 2*k + 3. Suppose -6*b - 18 = 24. Calculate the remainder when y(b) is divided by 18.
15
Suppose -3*x + 5 = -13. Suppose -x*d = -d. Suppose d = 5*p, 6*p = 4*k + 3*p - 20. What is the remainder when 17 is divided by k?
2
Let d be 52/16 - (-2)/(-8). Suppose -3*b + 3*n + 102 = 6*n, d*n + 157 = 4*b. Calculate the remainder when b is divided by 20.
17
Suppose 2*v = v - g + 12, 5*g + 15 = 0. What is the remainder when 52 is divided by v?
7
Let c = -6 - -40. Let g = c + -57. Let b = g + 57. What is the remainder when b is divided by 18?
16
Calculate the remainder when 194 is divided by (-4)/((-60)/140 - (-2)/7).
26
Let f = -17 + -40. Let o = f - -97. Calculate the remainder when o is divided by 15.
10
Let w(u) = -13*u**3 + u**2 - u + 1. Let c be w(-2). Let i = 119 - c. Calculate the remainder when 28 is divided by i.
4
Let g = 42 - 33. What is the remainder when g/27 - 262/(-6) is divided by 17?
10
Let k be (-17 - -4) + (2 - -1). Let f = 16 - k. Calculate the remainder when 100 is divided by f.
22
Let r = -82 + 87. Suppose f = r*f - 52. Calculate the remainder when 75 is divided by f.
10
Let a(h) = -h**2 - 9*h + 11. Let x be a(-8). Suppose 70 = -5*f - 5*l, -5*f + 13 - 89 = -l. Let u = f + x. Calculate the remainder when u is divided by 2.
0
Suppose -3*g + 0*g = -9. Let j = g + 0. Let q(c) = -2*c**2 + 65*c + 46. Calculate the remainder when q(33) is divided by j.
1
Let g be 1 - ((18 - 3) + 3). Let j = g - -21. Suppose 5*o - 42 = -3*v + 2*o, 5*v - j*o - 79 = 0. Calculate the remainder when 27 is divided by v.
12
Suppose -19*q + 115 = 4*q. What is the remainder when 29 is divided by q?
4
Let z = -10 + 22. Let g = -7 + 21. Let a = g - -9. Calculate the remainder when a is divided by z.
11
Let r be 922/(-12) + 2/(-12). Let d be 2/7 - 2442/r. Suppose 0*x - d = -4*x. What is the remainder when 29 is divided by x?
5
Suppose -195*q - 278 = -197*q. Calculate the remainder when q is divided by 51.
37
Let q = 6 + -2. Suppose q*n + n - 23 = -3*z, -5*n = -5. Calculate the remainder when z is divided by 4.
2
Let p(y) = -y**3 + y**2 + 7*y + 9. Calculate the remainder when 31 is divided by p(3).
7
Let g be 2/((-24)/(-9) - 2). Suppose -g*s + 165 = q, -4*s + 4*q = q - 233. What is the remainder when s is divided by 15?
11
Let h = -63 - -80. Calculate the remainder when 148 is divided by h.
12
Suppose -4*o = -5*g - 243, 0 = 5*g + o - 190 + 448. Let r = g + 81. Suppose 5*i - 24 = -3*t, t + 6 = -4*i + 14. What is the remainder when r is divided by t?
6
Let r = -20 - -25. Let w = 4 + r. What is the remainder when w is divided by 3?
0
Let w = -334 + 746. What is the remainder when w is divided by 20?
12
Suppose 0*d = -4*d + 96. Suppose -s + 63 - d = 0. Calculate the remainder when s is divided by 14.
11
Let n(t) = -2*t**3 - 7*t**2 + t - 14. Let a be n(-6). Suppose f + a = 4*p, 5*f - 209 = -5*p + 16. What is the remainder when p is divided by 22?
19
Suppose 2*t - 16 + 8 = 0. Suppose t*s - 3*s - 9 = 0. What is the remainder when 44 is divided by s?
8
Let z(b) = b**2 - 7*b - 5. Suppose 5*f = -v + 49, 2*v = 3*v - f - 25. Calculate the remainder when z(-5) is divided by v.
26
Suppose 5*l - 4*m = -48, 2*l - 3*l + m - 9 = 0. Suppose 9*f + 48 = 17*f. What is the remainder when 68/f*l/(-8) is divided by 10?
7
Suppose 6*j - 114 = 3*j. Let u = j - 32. Calculate the remainder when 16 is divided by u.
4
Suppose -2*y - 5 = 3*p - 1, -5*p + 10 = 0. Let b be y*1*(-6)/(-5). Let s = b + 17. What is the remainder when 43 is divided by s?
10
Suppose 2*z - 7*z + 35 = 0. What is the remainder when 1868 is divided by z?
6
Let b(t) = 4*t**3 - 21*t**2 - 9*t - 4. Calculate the remainder when 109 is divided by b(6).
9
Suppose 0 = 3*r + 3, 4*i - 3 = 3*r - 8*r. Suppose 15 = 4*h + h. Calculate the remainder when h is divided by i.
1
Let t = 143 - 141. Calculate the remainder when 150 is divided by t/((15/95)/(3/2)).
17
Let v(m) = 92*m - 2. Suppose 0 = -46*u + 44*u - 2*t + 116, 2*t - 55 = -u. Calculate the remainder when v(2) is divided by u.
60
Suppose -s + 4*a + 50 - 7 = 0, 0 = -2*s + 5*a + 98. Let k(g) = 9*g - 6. Calculate the remainder when s is divided by k(4).
29
What is the remainder when (788/(-5))/(-2) + (-18)/(-90) is divided by 15?
4
Let p(v) = -74*v**3 - 4*v**2 + 7*v + 9. Calculate the remainder when p(-2) is divided by 41.
38
Let p = 1 + 3. Suppose x + x - 54 = 2*h, 16 = -p*h. What is the remainder when 89 + (-2 - -4) + -2 is divided by x?
20
Suppose 0 = 3*g + 15 - 9. Let r(h) = 34*h**2 + h. Calculate the remainder when r(-1) is divided by (-15)/g*24/15.
9
Suppose 0 = 3*a + 5*m - 104, 0 = 3*a + 4*m - 130 + 30. What is the remainder when 67 is divided by a?
11
Suppose -2*j + 24 = -18. Suppose -2*p + 7*p + 46 = 3*l, l + p - 10 = 0. Let k = j - l. Calculate the remainder when 16 is divided by k.
7
Suppose 19 = l + 4*h, -24 + 119 = 5*l - 3*h. What is the remainder when 87 is divided by l?
11
Let x be 2/(-2) - 3 - -9. Suppose -2*g - 4*l - 46 = 0, -5*l + 145 = -x*g - 0*l. Calculate the remainder when g/36 + (-91)/(-4) is divided by 12.
10
Let z(x) = -x - 3. Suppose -5*d = -3*f - 47, 2*d = -f - 12 - 0. Calculate the remainder when (-2 - 6*6)/(-2) is divided by z(f).
8
Let x = 482 + -461. What is the remainder when 266 is divided by x?
14
Suppose 0 = 7*u + 3 - 3. What is the remainder when 46 is divided by u + (-5)/25 - (-212)/10?
4
Suppose -5*z + 4*b = 2*b - 285, -2*b = 2*z - 128. Calculate the remainder when 174 is divided by z.
56
Let g(w) be the first derivative of -w**2/2 + 17*w + 11. Calculate the remainder when 31 is divided by g(6).
9
Suppose -5*d + 9*d - 4*c = 68, 4*d - 68 = -5*c. Let t(s) = -5*s + 6. What is the remainder when t(-4) is divided by d?
9
Suppose c + c = -3*p - 17, 3*c - 2*p = -32. Let k(a) = a**2 - 7*a + 5. What is the remainder when k(c) is divided by 44?
43
Let k be 820/6 + (-10)/15. Suppose -4*y = 3*t - t - k, -3*t = 4*y - 202. What is the remainder when t is divided by 17?
15
Suppose -4*j - 523 = -5*u, -2*u + 217 = 9*j - 8*j. Calculate the remainder when u is divided by 40/4*22/4.
52
Calculate the remainder when 1878 is divided by 59 + -6 - (-1 - 3).
54
Calculate the remainder when (33/2 - 3)*10 is divided by 21.
9
Let h = 13 - 8. Suppose -4*c + 177 = 3*i, 0*i - 5*i = h. What is the remainder when c is divided by (-1)/(((-3)/(-42))/((-48)/56))?
9
Suppose -5*z = -5, 4*d + 2*z - 199 = 7*z. Let o = d - 35. Calculate the remainder when 95 is divided by o.
15
Suppose -8*r + 4950 = 198. What is the remainder when r is divided by 75?
69
Suppose 2*k - k - 2 = 0. What is the remainder when k/5 - (-2004)/15 is divided by ((-255)/(-10))/(-3 - (-45)/